 by 34.
8
Calculate the remainder when 147702 is divided by 100.
2
What is the remainder when 1105 is divided by 389?
327
What is the remainder when 5849157 is divided by 790?
787
Calculate the remainder when 369160 is divided by 26367.
22
Calculate the remainder when 90030 is divided by 30009.
3
What is the remainder when 263779 is divided by 159?
157
What is the remainder when 345 is divided by 31?
4
What is the remainder when 48340 is divided by 14?
12
Calculate the remainder when 34337 is divided by 4283.
73
Calculate the remainder when 13401 is divided by 440.
201
Calculate the remainder when 4318 is divided by 336.
286
What is the remainder when 3819 is divided by 74?
45
Calculate the remainder when 4817 is divided by 1480.
377
What is the remainder when 2429 is divided by 62?
11
What is the remainder when 303219 is divided by 194?
191
Calculate the remainder when 7056 is divided by 5.
1
Calculate the remainder when 100637 is divided by 37.
34
Calculate the remainder when 127023 is divided by 6351.
3
Calculate the remainder when 22131 is divided by 22123.
8
Calculate the remainder when 616936 is divided by 794.
792
Calculate the remainder when 1452 is divided by 76.
8
Calculate the remainder when 5147 is divided by 847.
65
Calculate the remainder when 36668 is divided by 39.
8
What is the remainder when 159900 is divided by 163?
160
What is the remainder when 4146 is divided by 975?
246
Calculate the remainder when 1903412 is divided by 21.
14
Calculate the remainder when 32830 is divided by 363.
160
Calculate the remainder when 7710 is divided by 703.
680
Calculate the remainder when 25183 is divided by 116.
11
Calculate the remainder when 185625 is divided by 16875.
0
What is the remainder when 1557 is divided by 38?
37
What is the remainder when 2629 is divided by 33?
22
Calculate the remainder when 1150 is divided by 148.
114
What is the remainder when 23529 is divided by 253?
0
Calculate the remainder when 16738 is divided by 16731.
7
Calculate the remainder when 3676 is divided by 167.
2
Calculate the remainder when 4271 is divided by 2131.
9
Calculate the remainder when 85469 is divided by 10682.
13
Calculate the remainder when 7312 is divided by 3526.
260
What is the remainder when 27429 is divided by 92?
13
What is the remainder when 5848 is divided by 101?
91
What is the remainder when 1727 is divided by 562?
41
Calculate the remainder when 45307 is divided by 33.
31
Calculate the remainder when 10811 is divided by 901.
900
What is the remainder when 1667 is divided by 280?
267
What is the remainder when 1249155 is divided by 366?
363
What is the remainder when 868 is divided by 272?
52
What is the remainder when 2315810 is divided by 419?
416
What is the remainder when 1255 is divided by 177?
16
What is the remainder when 9589 is divided by 8?
5
Calculate the remainder when 116088 is divided by 470.
468
What is the remainder when 26961 is divided by 69?
51
Calculate the remainder when 33810 is divided by 3739.
159
Calculate the remainder when 2964 is divided by 674.
268
Calculate the remainder when 371337 is divided by 1303.
1285
What is the remainder when 1304 is divided by 41?
33
What is the remainder when 392915 is divided by 95?
90
Calculate the remainder when 536338 is divided by 70.
68
What is the remainder when 1180 is divided by 2?
0
Calculate the remainder when 778267 is divided by 129705.
37
Calculate the remainder when 6016 is divided by 768.
640
Calculate the remainder when 11346 is divided by 1806.
510
Calculate the remainder when 712 is divided by 122.
102
What is the remainder when 7456 is divided by 2367?
355
Calculate the remainder when 120887 is divided by 25.
12
Calculate the remainder when 6853 is divided by 316.
217
Calculate the remainder when 142231 is divided by 28445.
6
What is the remainder when 53550 is divided by 202?
20
Calculate the remainder when 16749 is divided by 4184.
13
What is the remainder when 10405 is divided by 233?
153
What is the remainder when 698 is divided by 467?
231
Calculate the remainder when 20892 is divided by 298.
32
What is the remainder when 10646 is divided by 1164?
170
What is the remainder when 11270 is divided by 752?
742
What is the remainder when 95830 is divided by 12?
10
Calculate the remainder when 10258 is divided by 82.
8
Calculate the remainder when 116712 is divided by 571.
228
What is the remainder when 776367 is divided by 38818?
7
What is the remainder when 9192 is divided by 1527?
30
Calculate the remainder when 309976 is divided by 1013.
1011
Calculate the remainder when 157269 is divided by 17.
2
What is the remainder when 373062 is divided by 137?
11
Calculate the remainder when 45366 is divided by 424.
422
What is the remainder when 4069 is divided by 156?
13
Calculate the remainder when 9204 is divided by 2295.
24
What is the remainder when 237857 is divided by 48?
17
Calculate the remainder when 1655421 is divided by 11.
9
What is the remainder when 4448 is divided by 178?
176
What is the remainder when 9156 is divided by 278?
260
What is the remainder when 2119783 is divided by 396?
391
Calculate the remainder when 59871 is divided by 759.
669
Calculate the remainder when 102972 is divided by 250.
222
What is the remainder when 77174 is divided by 25714?
32
What is the remainder when 87721 is divided by 17535?
46
Calculate the remainder when 8151680 is divided by 946.
944
Calculate the remainder when 21587 is divided by 254.
251
Calculate the remainder when 14868 is divided by 97.
27
What is the remainder when 761746 is divided by 494?
492
What is the remainder when 119318 is divided by 904?
894
What is the remainder when 115827 is divided by 54?
51
Calculate the remainder when 33207 is divided by 327.
180
Calculate the remainder when 46591 is divided by 31.
29
Calculate the remainder when 676 is divided by 199.
79
What is the remainder when 5239 is divided by 1041?
34
What is the remainder when 10321 is divided by 405?
196
Calculate the remainder when 9040 is divided by 116.
108
What is the remainder when 19446 is divided by 2769?
63
What is the remainder when 1476236 is divided by 191?
188
What is the remainder when 54932 is divided by 1059?
923
What is the remainder when 1559 is divided by 81?
20
What is the remainder when 10296 is divided by 273?
195
Calculate the remainder when 12389 is divided by 896.
741
Calculate the remainder when 1087 is divided by 21.
16
What is the remainder when 67738 is divided by 131?
11
What is the remainder when 411324 is divided by 469?
11
What is the remainder when 5889 is divided by 660?
609
Calculate the remainder when 105873 is divided by 23.
4
Calculate the remainder when 1036627 is divided by 283.
281
Calculate the remainder when 7024 is divided by 1330.
374
What is the remainder when 134808 is divided by 44927?
27
Calculate the remainder when 1515 is divided by 734.
47
What is the remainder when 527993 is divided by 25?
18
What is the remainder when 52655 is divided by 7507?
106
Calculate the remainder when 66410 is divided by 189.
71
What is the remainder when 176276 is divided by 586?
476
What is the remainder when 41526 is divided by 1185?
51
What is the remainder when 154267 is divided by 29?
16
Calculate the remainder when 12245 is divided by 2000.
245
What is the remainder when 3107101 is divided by 1035697?
10
What is the remainder when 8066 is divided by 2094?
1784
What is the remainder when 28396 is divided by 892?
744
Calculate the remainder when 20178 is divided by 1061.
19
What is the remainder when 37611 is divided by 409?
392
What is the remainder when 730 is divided by 8?
2
Calculate the remainder when 3961 is divided by 304.
9
Calculate the remainder when 11692 is divided by 729.
28
What is the remainder when 16032 is divided by 5331?
39
Calculate the remainder when 25617 is divided by 626.
577
Calculate the remainder when 1128949 is divided by 35.
24
What is the remainder when 12765 is divided by 374?
49
What is the remainder when 42897 is divided by 1?
0
What is the remainder when 3920 is divided by 3733?
187
What is the remainder when 386 is divided by 78?
74
Calculate the remainder when 1614 is divided by 48.
30
What is the remainder when 1347618 is divided by 33?
30
What is the rema